2 - 24*s - 2. Let p be v(-10). Let z = p + 938. What is the units digit of z?
6
Suppose -5*h = -3*z - 306859, -245444 = -4*h + 42*z - 45*z. What is the hundreds digit of h?
3
Suppose 5*q - 6*q + 822 = -3*f, 4*q + 3*f - 3228 = 0. Suppose 25*u - q = 16*u. What is the tens digit of u?
9
Let j(r) = 172*r - 231. Let u be j(6). Suppose 3*d = u + 3249. What is the tens digit of d?
5
Let h be (3/(-4))/((-3)/16*2). Suppose -j - 4*m + 0 = -8, 0 = -h*j - 5*m + 10. Suppose -5*s = -4*n - 128, s + n = -j*n + 31. What is the tens digit of s?
2
Suppose -5*h + 16976 + 37898 = x, -h = -10*x - 10934. What is the ten thousands digit of h?
1
Let a = 97 + 5122. What is the hundreds digit of a?
2
Suppose 0 = -238*k + 250*k - 83136. What is the thousands digit of k?
6
What is the thousands digit of (1305/(-1))/(198165/3740 + -53)?
8
Let j(k) = 36*k + 20. Let v be j(6). Let m = v + -111. Let u = m - 89. What is the tens digit of u?
3
Suppose -528*f + 262*f = -883386. What is the hundreds digit of f?
3
Suppose -100776 = -4*x + d, 2*x + 152*d - 50388 = 147*d. What is the ten thousands digit of x?
2
What is the hundreds digit of 8 - 264238/(24 - 50)?
1
Let h = 582 - 158. Let k = h - 122. What is the tens digit of k?
0
Let h(p) = -19 + 0*p**3 + 11 - p**3 - 8*p + 10 + 11*p**2. Suppose -2*c = -4*f + 26, 2*f - 3*c = 2*c + 33. What is the units digit of h(f)?
2
Let z(j) = 4*j + 296. Suppose -17*c + 15*c = 38. What is the tens digit of z(c)?
2
Suppose -3*i + b - 23 = -8*i, -2*b = -6. Let f be 2 + 16/i - 2. Suppose -f*y + 62 = -6. What is the tens digit of y?
1
Suppose 97*v + 277457 = 1115343. What is the hundreds digit of v?
6
Let l(t) = 44*t + 32. Let s be l(-13). Let k = s + 1125. What is the tens digit of k?
8
Suppose 0 = -4*f - d + 40249, -6*d + 30163 = 3*f - 10*d. What is the tens digit of f?
6
Let i(s) = -s**3 + s**2 + 4*s + 3. Let b = -83 - -80. What is the tens digit of i(b)?
2
Suppose 36*r = 31*r. Suppose 2*v - 266 = -2*k - r*v, 2*k - 260 = v. What is the tens digit of k?
3
Let c = -5220 - -9981. What is the units digit of c?
1
Suppose -15*h = -41148 + 9933. What is the tens digit of h?
8
Suppose -50*w + 249437 = -1394878 + 225865. What is the ten thousands digit of w?
2
Suppose 0*z + 6*z = z. Suppose 0 = -4*p + 4*b + 1360, z = p + 3*p - b - 1348. What is the tens digit of p?
3
Let f(t) = 189*t**2 - 2*t + 33. What is the hundreds digit of f(-5)?
7
Let h = -71 - -81. Suppose 0 = h*r - 25 - 5. Let y(k) = -k**2 + 7*k + 8. What is the tens digit of y(r)?
2
Let j = 25 - 20. Let u(v) = -v - j*v + 2*v + 29. What is the tens digit of u(-13)?
8
Let g = 51029 + -16939. What is the hundreds digit of g?
0
Let b = -65056 - -95440. What is the hundreds digit of b?
3
Let f(o) = 2*o**2 + 22*o + 3. Let z be f(-11). Suppose 4*t + z*l - 5057 = 0, 3*t + 247 = 3*l + 4066. What is the thousands digit of t?
1
Let t = 20 + -28. Let y be t/(-28) + (-13535)/(-35). Suppose 9*p = 6*p + y. What is the hundreds digit of p?
1
Suppose -m = -4*f - 19 - 19, -3*f = -4*m + 139. Let a = 43 - m. Suppose 2*j - 57 = -2*t + a, 3*t - 109 = 2*j. What is the units digit of t?
5
Let y(p) = -37*p + 6. Let q be y(2). Let f = -65 - q. Suppose -f*k = -m - 40, -5*k + 2*m = 3*m - 80. What is the units digit of k?
5
Let k(u) = 36*u - 182. Let f(j) = -70*j + 360. Let o(v) = -3*f(v) - 7*k(v). What is the thousands digit of o(-20)?
1
Let f(i) = i**3 - 15*i**2 + 12*i + 29. Let r be f(14). What is the units digit of (-5535)/82*(-1 - r)?
5
Let i be -3 + (-2*(4 - 2) - -5). Let n(a) = a + 1. Let t(y) = -52*y**2 - 5*y - 1. Let o(j) = -2*n(j) - t(j). What is the hundreds digit of o(i)?
2
Suppose 3*k - 2448 = -7*x + 5*x, 2*k - 1632 = 2*x. Suppose -2*a + 2*b = -446 - 112, -3*a = 4*b - k. What is the hundreds digit of a?
2
Suppose -89*f - 37*f - 5 = 121. Let h be 0*(-2 - -1) - 0. What is the tens digit of f + -3 + h - -154?
5
Suppose -3*q = w + 4*w - 21, -4*w + 22 = 5*q. Let d(l) = 0*l**3 + l**2 - 2 + l - 2*l**3 - 2*l**q. What is the units digit of d(-2)?
8
Let d(i) be the second derivative of -4*i**3 + 8*i**2 - 10*i. Let k be d(-4). Suppose 5*j = 5*l + 297 - k, 2*j - 3*l = 69. What is the tens digit of j?
4
Let b(s) = 80*s**2 + 48*s + 4. What is the hundreds digit of b(-10)?
5
What is the units digit of 6002 - -11*24/(-66)?
8
Let c(y) = 40*y + 3. Let f be c(6). Suppose -3*q + 447 = -s, 3*s - 55 - f = -2*q. What is the units digit of q?
9
Let h(x) = -x**3 - 4*x**2 - 6*x + 5. Let m be h(-4). Suppose -m*k + 38*k = 9207. What is the hundreds digit of k?
0
Let z be 3/(-3) - (-539 + 10). Suppose 4*w + 3*y = 1047 + z, -2*w = 3*y - 795. What is the hundreds digit of w?
3
Suppose -6*j + 53846 = -30689 - 19487. What is the hundreds digit of j?
3
Suppose x + 4*v - 148 = 0, 379 = 2*x + x - v. What is the tens digit of 65040/x - (7/(-8) - -1)?
0
Let n = -1899 - -14860. What is the hundreds digit of n?
9
Suppose 4*i + 90 = 102. Suppose -3*h = -9 + i. Suppose 3*c + h*o + 60 = 360, 5*c = -4*o + 500. What is the tens digit of c?
0
Suppose 0 = 2*d + 4*o + 44, 2*d = 5*d - 2*o + 50. Let s = d + 1101. What is the tens digit of s?
8
Let c be (10 - 7)*(-4)/(-3) + 3. Let u(h) = -29*h - 11. Let q be u(c). Let d = 330 + q. What is the hundreds digit of d?
1
Suppose -2*i = 5*z - 14063 - 769, 0 = i - 5*z - 7401. What is the thousands digit of i?
7
Let u = 3541 - 1801. Let m = u + -739. What is the thousands digit of m?
1
Let x(a) = -a**2 - 24*a + 84. Let l be x(-27). Suppose l*m + 618 = p + 4*m, 3*p - 1875 = 4*m. What is the hundreds digit of p?
6
Suppose -608 = -54*j + 310. Suppose 6558 = 5*f + 2*u, 4*u = j - 1. What is the tens digit of f?
1
Suppose -55 + 52 = -r. Suppose r*p - 1850 = -287. Suppose -256 = -7*o + p. What is the units digit of o?
1
Let g be ((-1044)/(-10))/(177/(-590)). Let q = 182 - g. What is the tens digit of q?
3
Suppose 5*x - 66998 = 2*u, -4*u + 25300 + 14930 = 3*x. What is the ten thousands digit of x?
1
Let i(t) = t**3 - 42*t**2 + 29*t + 13. Let d(p) = -p**3 + 41*p**2 - 30*p - 15. Let o(k) = 3*d(k) + 2*i(k). What is the units digit of o(38)?
9
Suppose -13*s + 77 + 131 = 0. Suppose -s*i + 16 = -32. Suppose i*t - 676 = -t. What is the hundreds digit of t?
1
Let c(l) = -2 - 23*l + 5 + 6 + 11 - 2*l**3. What is the units digit of c(-8)?
8
Let f(y) = -5 + 24*y**2 - y + 6 + 64*y**2. Suppose -t - 7 = -5*x, 0*x + 3*t = -2*x - 4. What is the tens digit of f(x)?
8
Let q(w) = -w**3 - 18*w**2 - 24*w - 18. Let c be q(-9). Let i = c - -1171. What is the tens digit of i?
4
Let u = -5356 - -8855. What is the thousands digit of u?
3
Suppose 181*j = 2308901 + 459856. What is the units digit of j?
7
Suppose -c + 45 = -5*j, -19*j + 4*c = -14*j + 60. Let p(y) = 13*y**2 - 20*y - 70. What is the tens digit of p(j)?
2
Let g = 95 - 82. Suppose -6*h - 8253 = -g*h. Suppose -8*y = -17*y + h. What is the tens digit of y?
3
Suppose -104*q = -6*q + 269217 - 1114761. What is the units digit of q?
8
What is the thousands digit of -4 - (80066/(-21) + 8)/((-2)/(-6))?
1
Let c = -167 - -105. Let v = 347 - c. What is the tens digit of v?
0
Suppose -5*m - 7 + 75 = v, -m = 2*v - 172. Suppose 3*g + 4*j - v = 0, 0*g - 2*j = 5*g - 142. What is the tens digit of 1/(g/524) - (-6)/21?
1
Suppose 3*r + 120 = 15*r. What is the units digit of 3386/r + (-30)/(-75)?
9
Let u(s) = s**3 - 55*s**2 - 15*s + 228. What is the tens digit of u(56)?
2
Suppose -k + 301 - 293 = 0. Let x(d) = 28*d**2 + 11*d - 31. What is the thousands digit of x(k)?
1
Let v be 4/2 - (-10480)/(-20). Let a = v - -871. What is the hundreds digit of a?
3
Suppose 6*x - 7*x + 3*i + 33219 = 0, 0 = -4*x + i + 132810. What is the tens digit of x?
0
Let c(m) = -4*m**3 + 3*m**2 - 31*m - 1. Let p(g) = -3*g**3 + 2*g**2 - 30*g. Let w(t) = -2*c(t) + 3*p(t). What is the units digit of w(-9)?
3
Let h(u) = -2*u**3 + 14*u**2 - 13*u - 46. Let b be h(-13). Suppose -1005 = -34*f + b. What is the hundreds digit of f?
2
Let h(g) be the third derivative of g**5/60 + 9*g**4/8 + 10*g**3 - 4*g**2 - 5*g. What is the tens digit of h(31)?
5
Suppose -2*a + 3 = 3*z, 5 = -5*a + 5*z - 0*z. Suppose a = h - 2*u + 7*u - 1182, -3*h - 4*u = -3579. What is the thousands digit of h?
1
Let g(t) = 398*t + 19. Let j be g(4). Suppose 5*m = -4*k + j, -4*k + 8*k = -2*m + 654. What is the units digit of m?
9
Suppose 0 = 20*f - 22*f + 7*l + 118611, 118530 = 2*